9.
-107
What is -10 (base 4) in base 2?
-100
What is 10 (base 4) in base 8?
4
-1011 (base 3) to base 8
-37
What is 8 (base 9) in base 10?
8
What is 25 (base 14) in base 5?
113
Convert 33 (base 13) to base 8.
52
Convert -2d (base 15) to base 8.
-53
What is -8 (base 9) in base 14?
-8
Convert -3 (base 15) to base 10.
-3
What is -2111 (base 3) in base 5?
-232
8 (base 14) to base 11
8
-21 (base 3) to base 8
-7
3 (base 12) to base 3
10
What is 9 (base 13) in base 15?
9
-29 (base 11) to base 10
-31
Convert -24 (base 7) to base 12.
-16
-4 (base 6) to base 3
-11
-21 (base 7) to base 15
-10
Convert -5 (base 10) to base 13.
-5
-5b (base 14) to base 15
-56
10 (base 2) to base 5
2
Convert 3 (base 11) to base 14.
3
What is 3 (base 12) in base 3?
10
Convert 0 (base 15) to base 13.
0
Convert 0 (base 13) to base 15.
0
Convert 12 (base 4) to base 12.
6
21 (base 9) to base 14
15
Convert 1 (base 11) to base 16.
1
-3 (base 16) to base 3
-10
Convert 3 (base 13) to base 14.
3
Convert -4 (base 11) to base 13.
-4
Convert 0 (base 5) to base 9.
0
What is -1232 (base 6) in base 11?
-260
What is -1444 (base 5) in base 7?
-504
3 (base 12) to base 7
3
What is -10 (base 5) in base 8?
-5
-110 (base 2) to base 14
-6
Convert 243 (base 5) to base 6.
201
-2 (base 6) to base 3
-2
Convert 0 (base 4) to base 16.
0
-1 (base 9) to base 6
-1
2 (base 16) to base 13
2
-7 (base 12) to base 10
-7
Convert -4 (base 16) to base 6.
-4
Convert 1010 (base 2) to base 10.
10
Convert -11 (base 6) to base 2.
-111
-24 (base 11) to base 4
-122
-50 (base 6) to base 12
-26
Convert 6f (base 16) to base 6.
303
What is 15 (base 16) in base 6?
33
4 (base 8) to base 5
4
What is 20 (base 13) in base 8?
32
-1 (base 14) to base 7
-1
0 (base 2) to base 7
0
327 (base 8) to base 15
e5
What is 10 (base 14) in base 8?
16
What is -2 (base 5) in base 6?
-2
-b3 (base 16) to base 3
-20122
What is -44 (base 9) in base 14?
-2c
What is -1010 (base 2) in base 4?
-22
11 (base 2) to base 15
3
What is 1 (base 5) in base 12?
1
What is 3 (base 4) in base 6?
3
What is -4 (base 12) in base 4?
-10
What is 50 (base 10) in base 7?
101
2 (base 5) to base 14
2
Convert -6 (base 7) to base 9.
-6
Convert -29 (base 12) to base 11.
-30
Convert b2 (base 13) to base 3.
12101
-1130 (base 6) to base 14
-154
Convert -20 (base 8) to base 2.
-10000
Convert -11111 (base 2) to base 11.
-29
What is 2 (base 11) in base 7?
2
What is -33 (base 5) in base 3?
-200
-220 (base 4) to base 7
-55
-15 (base 16) to base 14
-17
57 (base 10) to base 14
41
Convert 37 (base 14) to base 2.
110001
Convert -87 (base 9) to base 5.
-304
What is 100010001 (base 2) in base 4?
10101
What is 2 (base 3) in base 2?
10
-101 (base 2) to base 11
-5
Convert 6 (base 11) to base 4.
12
Convert -3313 (base 4) to base 7.
-502
Convert 2f (base 16) to base 6.
115
Convert 2 (base 6) to base 14.
2
What is 1113 (base 5) in base 15?
a8
Convert -11 (base 5) to base 3.
-20
10001 (base 2) to base 8
21
What is 0 (base 2) in base 6?
0
4 (base 11) to base 3
11
Convert -21 (base 8) to base 3.
-122
What is -2001 (base 5) in base 13?
-164
24 (base 6) to base 7
22
-123 (base 6) to base 11
-47
Convert -3 (base 10) to base 8.
-3
What is -26 (base 8) in base 12?
-1a
Convert 111 (base 3) to base 12.
11
What is 0 (base 14) in base 2?
0
What is -6 (base 13) in base 11?
-6
Convert 262 (base 7) to base 9.
167
Convert -11 (base 11) to base 13.
-c
What is 63 (base 8) in base 3?
1220
What is 107 (base 8) in base 14?
51
What is -3 (base 13) in base 6?
-3
What is -22 (base 4) in base 10?
-10
-34 (base 8) to base 14
-20
Convert -114 (base 9) to base 15.
-64
14 (base 5) to base 6
13
73 (base 9) to base 3
2110
What is -81 (base 16) in base 15?
-89
-19 (base 13) to base 11
-20
Convert -102210 (base 3) to base 13.
-1b6
Convert -7c (base 13) to base 8.
-147
What is -178 (base 12) in base 13?
-152
Convert 2 (base 7) to base 11.
2
-10 (base 6) to base 11
-6
2 (base 13) to base 7
2
Convert -1 (base 4) to base 14.
-1
What is -101 (base 3) in base 6?
-14
134 (base 5) to base 12
38
What is 5 (base 16) in base 3?
12
Convert -7 (base 8) to base 6.
-11
1 (base 7) to base 8
1
16 (base 12) to base 2
10010
Convert -35 (base 10) to base 5.
-120
What is -119 (base 11) in base 2?
-10001101
What is -110 (base 12) in base 8?
-234
Convert 1214 (base 5) to base 4.
2320
4 (base 15) to base 16
4
Convert 0 (base 10) to base 14.
0
What is -323 (base 4) in base 2?
-111011
What is -20 (base 3) in base 10?
-6
Convert 12 (base 13) to base 6.
23
Convert 12110 (base 3) to base 14.
a7
-101 (base 7) to base 15
-35
What is -c (base 15) in base 3?
-110
Convert 1 (base 10) to base 9.
1
4 (base 9) to base 5
4
What is -10 (base 8) in base 5?
-13
-3 (base 13) to base 6
-3
Convert 36 (base 14) to base 2.
110000
What is -5 (base 7) in base 9?
-5
What is 104 (base 5) in base 3?
1002
34 (base 12) to base 5
130
Convert -200 (base 6) to base 10.
-72
Convert -16 (base 12) to base 5.
-33
What is -4 (base 16) in base 15?
-4
What is 8 (base 15) in base 10?
8
What is 2a (base 15) in base 6?
104
What is -12 (base 4) in base 7?
-6
101 (base 2) to base 15
5
2 (base 10) to base 3
2
9 (base 15) to base 12
9
Convert 1023 (base 6) to base 16.
e7
What is 11 (base 8) in base 11?
9
What is 5 (base 10) in base 16?
5
What is 14 (base 10) in base 12?
12
What is 1 (base 13) in base 4?
1
-2 (base 4) to base 8
-2
What is 23 (base 8) in base 15?
14
-1 (base 5) to base 16
-1
What is 4d (base 16) in base 9?
85
Convert -1110 (base 2) to base 9.
-15
3 (base 13) to base 12
3
12 (base 4) to base 13
6
Convert 2 (base 5) to base 15.
2
2 (base 11) to base 2
10
Convert d (base 14) to base 6.
21
560 (base 7) to base 13
191
-410 (base 9) to base 4
-11031
What is -1201 (base 3) in base 13?
-37
Convert -5 (base 14) to base 5.
-10
-103 (base 16) to base 7
-520
Convert 35 (base 6) to base 9.
25
-9 (base 14) to base 8
-11
-4 (base 10) to base 3
-11
What is 29 (base 13) in base 5?
120
Convert -3 (base 15) to base 6.
-3
53 (base 15) to base 16
4e
1 (base 11) to base 3
1
Convert 10 (base 9) to base 13.
9
What is -130 (base 4) in base 14?
-20
22 (base 6) to base 15
e
What is -158 (base 9) in base 7?
-251
What is -425 (base 6) in base 15?
-ab
-1 (base 13) to base 9
-1
What is -9 (base 14) in base 9?
-10
What is -21 (base 6) in base 2?
-1101
-43 (base 10) to base 16
-2b
11 (base 6) to base 14
7
Convert -1 (base 12) to base 7.
-1
What is -170 (base 9) in base 15?
-99
-22 (base 9) to base 4
-110
Convert -15 (base 6) to base 2.
-1011
10 (base 2) to base 9
2
What is -45 (base 11) in base 15?
-34
What is -140 (base 6) in base 3?
-2020
-17a (base 16) to base 7
-1050
What is 5 (base 13) in base 7?
5
What is 7 (base 14) in base 4?
13
What is -1022 (base 3) in base 6?
-55
4 (base 15) to base 6
4
-4 (base 16) to base 10
-4
Convert 3 (base 7) to base 8.
3
62 (base 8) to base 15
35
-65 (base 14) to base 6
-225
Convert -4 (base 8) to base 3.
-11
What is 53 (base 13) in base 7?
125
What is 127 (base 11) in base 13?
b7
Convert -11 (base 11) to base 5.
-22
2e (base 16) to base 10
46
What is -38 (base 9) in base 7?
-50
Convert -14 (base 5) to base 7.
-12
Convert 40 (base 14) to base 10.
56
Convert -18 (base 10) to base 5.
-33
What is 3 (base 11) in base 14?
3
What is -8 (base 16) in base 10?
-8
50 (base 8) to base 10
40
Convert 2 (base 16) to base 9.
2
What is 4 (base 10) in base 4?
10
6 (base 7) to base 11
6
Convert 156 (base 8) to base 6.
302
-6 (base 16) to base 12
-6
What is -206 (base 12) in base 3?
-101220
-1000 (base 3) to base 5
-102
Convert -176 (base 15) to base 4.
-11100
What is 1 (base 11) in base 14?
1
6 (base 12) to base 8
6
-d (base 14) to base 11
-12
Convert 97 (base 10) to base 14.
6d
Convert 0 (base 8) to base 4.
0
What is 6 (base 14) in base 3?
20
100 (base 2) to base 16
4
Convert -10 (base 3) to base 10.
-3
What is -100 (base 2) in base 10?
-4
What is -9 (base 12) in base 10?
-9
What is 51 (base 14) in base 10?
71
What is 12 (base 15) in base 14?
13
What is 94 (base 13) in base 16?
79
Convert -29 (base 10) to base 5.
-104
Convert 30 (base 10) to base 2.
11110
Convert 0 (base 9) to base 14.
0
What is -121 (base 3) in base 4?
-100
What is -501 (base 6) in base 8?
-265
Convert 2 (base 4) to base 11.
2
Convert 140 (base 5) to base 15.
30
What is 3 (base 5) in base 9?
3
What is 110 (base 3) in base 9?
1